= -i**3 + 8*i**2 + 8*i + 6. Let a be t(9). Let u(v) = v**2 + 13*v + 12. Let d(l) = a*p(l) - 4*u(l). Give d(-7).
12
Let b be (9 + -12)*(-4)/6. Let t(p) = -2*p**b + 1 + p**2 + 5*p**2 + p. Let c = 21 - 22. What is t(c)?
4
Let g = 1252 + -1254. Let y(n) = -n**3 - n**2 + n - 2. Determine y(g).
0
Let o(z) = -z**3 + 2*z**2 + 2*z + 6. Let s be o(3). Suppose -4*n - 1 - 1 = m, -s*m + 2*n = -8. Let t(q) = -5*q + 2 + q**2 + 5*q + m. Give t(0).
4
Let w(x) = -x**3 + x**2 - 2*x - 4. Let z(h) = 3*h - 81. Let y be z(27). What is w(y)?
-4
Let j = 35 + -33. Let k(c) = 2*c**3 + 2*c + 2. Let n(y) = y**3 + y + 2. Let l(a) = -2*k(a) + 3*n(a). Determine l(j).
-8
Let y(k) be the third derivative of -k**6/120 - 2*k**5/15 - k**4/12 - 7*k**3/6 + 753*k**2. What is y(-8)?
9
Let o(a) = 12*a + 15. Let z(f) = -19*f - 24. Let h(p) = 8*o(p) + 5*z(p). Let i = -24 + 17. What is h(i)?
-7
Let s(g) = g + 12. Let f be s(-9). Let a(b) = b + 248 - 245 + f*b. Determine a(-2).
-5
Let z(h) = 2*h - 2. Let g be ((-3)/(-9))/(7/21). What is z(g)?
0
Let c(r) = 4*r + 3. Let p be 3 - 2*(-1)/2. Let q(g) be the second derivative of -g**3/6 + g**2 + 9*g. Let t be q(p). Calculate c(t).
-5
Let z be (-8)/(-10)*(-15)/6. Let i(s) = 4*s**3 + 11*s**2 - 16*s - 22. Let r(l) = l**3 + 4*l**2 - 5*l - 7. Let p(d) = z*i(d) + 7*r(d). Calculate p(5).
5
Let i(x) = 7*x - 4 + 5 - 5*x**2 + 4*x**2 + 0*x**2. Let s be i(6). Let d(l) = l**2 - 6*l - 1. What is d(s)?
6
Let w(s) be the third derivative of 9*s**2 + 0*s**4 + 1/6*s**3 + 0 + 0*s**5 - 1/20*s**6 + 0*s. Let p(y) = -y**2 + 5*y - 3. Let u be p(4). Calculate w(u).
-5
Let p(j) = j**2 - 2*j + 7. Let r(i) = -i**2 - 6. Let c(h) = 3*p(h) + 2*r(h). Calculate c(8).
25
Let u be (-8)/(-18)*39/26. Let p(n) be the third derivative of u*n**3 - 1/30*n**5 + 0*n + 0 + 4*n**2 + 1/8*n**4. What is p(3)?
-5
Let v(j) = -12*j - 11. Let b be ((-64)/144)/(-2) + 148/(-18). Let r(t) = 0*t + 4 + 7*t - 3*t. Let i(l) = b*r(l) - 3*v(l). Calculate i(-2).
-7
Let k(y) be the third derivative of 0*y + 1/60*y**5 + 1/120*y**6 - 12*y**2 + 0*y**3 + 0 - 1/12*y**4. What is k(-2)?
0
Let t(n) be the first derivative of -n**4/4 - 7*n**3/3 - 3*n**2 + 5*n - 8. Let d be t(-6). Let x(b) = b**2 - d*b + 8*b - 1 - 2*b. Calculate x(2).
5
Let x(m) = 0 - 12*m - 1 + m**2 + 4 - 4. Give x(11).
-12
Suppose -3*t = -11*t + 24. Let q(g) = -5 + t - g + 2*g**2 + g**2 - 2*g**2. What is q(3)?
4
Let c = 591 - 587. Let b(m) = -m**3 + 2*m**2 + 9*m - 10. Give b(c).
-6
Let n(a) = -a**2 - 4*a. Let s(j) = -j**3 + 5*j**2 + 5*j - 6. Let r be s(6). Let z = r - -12. Let f = z - 3. What is n(f)?
3
Let n(y) = -3*y**3 - y**2 - 3*y - 2. Let l be n(-1). Let u(x) = -8*x + 6*x + x + 2 + l. Give u(4).
1
Suppose -4*f + 9*f = b - 14, 0 = -4*b + 5*f - 4. Let p(c) = c**2 + 4*c + 6. Let i(m) = 2*m**2 + 6*m + 12. Let z(q) = -2*i(q) + 5*p(q). Determine z(b).
-6
Let u(m) = -m**3 + 1. Let z(g) = -2*g**3 - 8*g**2 + 8*g. Let v(t) = 3*u(t) - z(t). Determine v(7).
-4
Let w(d) = -41*d**3 - 32*d**2 - 23*d - 26. Let u(k) = 15*k**3 + 11*k**2 + 8*k + 9. Let r(m) = 11*u(m) + 4*w(m). Determine r(8).
27
Let c(n) be the third derivative of n**6/120 - 7*n**5/60 - 5*n**4/12 + 8*n**3/3 - 28*n**2. Let q be c(8). Let i(k) = k**2 - k - 23. Give i(q).
-23
Let g(c) = c**2 - 9. Let y(k) = -k**2 - k + 10. Let r(f) = 5*g(f) + 4*y(f). Let p(x) = 2*x**2 + 3*x - 3. Let i be p(-5). Let t = i - 28. What is r(t)?
-5
Let n = 807 - 799. Let h(b) = 5*b - 16. Calculate h(n).
24
Let j be (-6)/(-2) + (4 - 4). Suppose 5*b = a + 2, -5*a = 2*b - b - 16. Let u(r) = -31*r**3 + r**2 + 2*r**2 - 4 + 30*r**3 + a*r. Give u(j).
5
Let o be 2 + -7 + 1 + -1. Let z(w) = 5*w + 0*w - 4*w. Let t be z(o). Let i(u) = u. Determine i(t).
-5
Let j(n) = -n**3 + n**2 + 6. Let c(b) = -b**3 - 13*b**2 - 21*b + 11. Let p be c(-11). Calculate j(p).
6
Let s be (-14)/(-6) - (-16)/24. Suppose s*c = -c. Let l(v) be the third derivative of v**6/120 + v**5/60 - v**4/24 + 5*v**3/6 - 5*v**2. Determine l(c).
5
Let h(r) = -6*r - 3*r + 16 + 2*r**2 - r**2 - 5*r + 0*r. What is h(13)?
3
Suppose g = 2*g - 2*r - 9, 5*r = 3*g - 23. Let q(k) = -k**3 + k**2 - 2*k + 1. Calculate q(g).
-1
Suppose -11 = q - 1. Let p(v) = v + 13. Let r be p(q). Let m(b) = 3*b - 2*b + b + 4. Calculate m(r).
10
Suppose -3*y = 3*m - 12, -3*m - 24 = -4*y - 15. Let z(r) = -2*r**2 + 2*r - 1. Determine z(y).
-13
Let z be (-2 - -11)*1/3. Suppose -w - 30 + 6 = -5*k, 2*k + z*w = -4. Let d(u) = k*u - u + u - u - 2. Calculate d(3).
7
Suppose -3*w - w = 40. Suppose 0*v + 2*v + 22 = 0. Let u = v - w. Let l(h) = -3*h**3. Give l(u).
3
Let k(o) be the first derivative of 2*o**2 - 3*o - 179. What is k(-8)?
-35
Suppose -3*h = -2*m - 6, 1 = -4*m + 4*h - 3. Let b(k) = -7*k + m + 16*k - 10*k. Suppose 3*o - 17 = -l, -4*l = -2*o + 4*o - 28. Calculate b(l).
-2
Let x(o) = -3*o**2 + 1. Let l(g) = g**2 - 3*g - 1. Let f be 1/4 - 84/16. Let h(p) = 2*p**2 - 7*p - 2. Let z(v) = f*l(v) + 2*h(v). Let m be z(2). What is x(m)?
-2
Let f be 0 - (-4)/(-16)*0. Suppose 3*c + f*v + 25 = 4*v, 0 = 3*v - 3. Let k = c - -5. Let i(t) = -2*t**3 - 4*t**2 - 4*t - 2. Give i(k).
6
Suppose 9*q - 16 = 2. Let s(v) be the second derivative of 5/2*v**q + 1/3*v**3 + 5*v + 0. Calculate s(-5).
-5
Suppose f + 2*d = 6*d + 10, -5*f = 2*d + 38. Let b(r) = -r**3 - 5*r**2 + 7*r + 3. Determine b(f).
-3
Suppose 0 = -33*t + 35*t + 10. Let q(v) = v**2 + 5*v - 3. Calculate q(t).
-3
Let z(v) be the first derivative of 7/4*v**4 + v + v**2 + 0*v**3 - 6. What is z(-1)?
-8
Let j(o) be the first derivative of o**4/24 + o**3/3 + 11*o**2 - 37. Let a(k) be the second derivative of j(k). Suppose -c = -2*h - 5, -6 = 4*h - 2. Give a(c).
5
Let l(k) = 21. Let i = 35 + -34. Let t(o) = o**3 + o**2 + o. Let q(p) = i*l(p) + t(p). What is q(0)?
21
Let i be 4/(-20) - (-392)/10. Let d = -39 + i. Let g(x) = x**3 - x**2 - x + 5. What is g(d)?
5
Let s(w) be the third derivative of w**9/60480 + w**8/5040 - w**7/1680 - w**5/60 + 4*w**2. Let d(q) be the third derivative of s(q). What is d(-5)?
-10
Suppose 8*n + 126 = 70. Let j(d) = d + 8. Calculate j(n).
1
Let w(v) = -v**3 + 9*v**2 + 10*v - 1. Let y be ((-39)/4)/((-16)/128). Let k = y + -68. Give w(k).
-1
Let m(q) = -9*q**2 - 4*q + 37. Let d(c) = 2*c**2 + c - 2. Let b(s) = 4*d(s) + m(s). What is b(0)?
29
Let p(f) = -28*f - 62. Let g(a) = -10*a - 21. Let t(s) = -17*g(s) + 6*p(s). Give t(14).
13
Let l(q) = -2 + 317*q + 235*q**3 - 3*q**2 - 238*q**3 - 319*q. Give l(-2).
14
Let s(j) = j**2 - 7*j - 3. Let u = -1340 + 1345. Calculate s(u).
-13
Let j(k) = k**3 - 4*k**2 - 4*k - 1. Let f be j(5). Let q(i) = -6*i + 29. Let g be q(f). Let a(l) = -l**3 + 6*l**2 - 5*l + 7. What is a(g)?
7
Let v(s) = 123629 + 6*s - 123629. Determine v(-3).
-18
Let d(j) = -11*j**2 + 8*j - 15. Let k(f) = -3 + f - 2*f - 2 - 4*f**2 + 4*f. Let s(t) = 3*d(t) - 8*k(t). Give s(0).
-5
Let u(m) be the second derivative of -m**5/20 + m**4 + 13*m**3/6 - 7*m**2/2 - m - 84. Determine u(13).
-7
Suppose -2*w + 26 = -4*r + 68, -5*w = -5*r + 80. Let s = w + 7. Let x(c) be the third derivative of c**6/120 + c**5/12 + c**4/8 + c**3/2 + 35*c**2. Give x(s).
7
Let b = 850 + -852. Let t(x) = x**3 + 3*x**2 - 1. Calculate t(b).
3
Let u = -1/3 + 8/3. Let m(c) be the first derivative of -u*c**3 - 1/2*c**2 - c + 3. Calculate m(-1).
-7
Let g = 111 + -111. Let s(y) be the third derivative of 0 - 2/3*y**3 - 5/24*y**4 + g*y - 1/30*y**5 + 3*y**2. Determine s(-3).
-7
Let x(q) be the second derivative of q**5/20 + 3*q**4/4 + q**3/6 - 3*q**2 - 73*q. What is x(-9)?
-15
Suppose -2*p - 61*x + 56*x = 17, 0 = 3*x + 15. Let f(v) = v**3 - 2*v**2 - 8*v - 2. Determine f(p).
-2
Let l(i) = -i**3 + 4*i**2 + 12*i - 9. Let w be l(6). Let c(s) = s**3 + 9*s**2 - s - 8. Calculate c(w).
1
Let c(u) = -3*u + u**2 + u + 3*u - 4. Suppose -2*y + 120 = 3*y. Suppose -4*t + 4*x - y = 0, t - 3*t + 3 = 3*x. Determine c(t).
2
Let p(x) = 4*x - 4. Let z be p(3). Suppose 0 = z*f - 5 - 27. Let l(v) = v**2 - v + 2. What is l(f)?
14
Suppose 2*w - 11 = r, -4 = 3*r + w + 1. Suppose 18 = -4*s + 26. Let t(p) = s - p**3 - 2*p**2 + 0*p + 3*p + 0*p. Determine t(r).
2
Let u(f) = 3495 - 46*f**3 - f - 6984 + 3491. Give u(1).
-45
Let t(o) = -8*o + 2*o**2 + 2 + 0*o**2 + 9*o - 3*o**2 + 9*o. What is t(11)?
-9
Let k(j) be the second derivative of -j**4/12 + j**3 - 3*j**2/2 - j. Let g(u) = u. Let l(x) = -6*x. Let y(p) =